6 + 10) - (25 - 2)?
-10
7 + -32 + 24 + -40 - (-1 - 1)
-39
Evaluate (3 - -16 - 33) + 20.
6
What is the value of 26 - 10 - (6 + 2) - 21?
-13
-7 - (-6 - (-5 - (-27 + 9) - 7))
5
What is the value of 5 - 24 - (51 - 83)?
13
5 + (-26 - -7 - -20) + 0 + 4
10
What is 43 - 2 - (-38 - (-91 + 41))?
29
What is -56 + 1 - (739 - 779)?
-15
-19 + (3 - (0 + -4)) - -7
-5
7 - ((0 - 10) + (17 - (23 - 8)))
15
-1 + -11 + -1 - 2
-15
Calculate -5 - (12 + -5 - -5).
-17
-7 - (-26 + 25) - (-1 - 2)
-3
Calculate 0 - (0 + -10) - 21.
-11
Calculate 1 - ((-20 - -12) + (-5 - -16)).
-2
What is -2769 - -2794 - (33 - 1)?
-7
(-523 - -482) + (59 - -1)
19
0 + 4 + -14 + 7 + (19 - -1)
17
Evaluate 35 - (-14 - (8 + -39)).
18
What is -4 - (-13 + 21 + -9 + -10)?
7
76 - 85 - (-7 - 18)
16
Evaluate 5 + (-7 - (9 - -2) - -7).
-6
What is -6 + (55 + -22 - 7)?
20
What is the value of (1 - 7 - (32 + -31)) + (-7 - -7)?
-7
What is -6 + -5 + 0 + -1 + (5 - -2)?
-5
Calculate 0 + 22 + (-57 - (-51 + 2)).
14
What is 13 + (-7 + 11 - 5)?
12
Evaluate (-21 - (-22 + 0)) + (-4 - 2).
-5
Calculate 17 - (7 + 16 - 0) - -43.
37
What is the value of (-1 - 45) + -590 + 620?
-16
-17 + -5 + 0 - ((-28 - -13) + 14)
-21
What is the value of 4 + (8 - 15) + -6?
-9
Evaluate 13 - (-2 + 7 + 2 - -8).
-2
Calculate 5 - (71 + -63 - (8 - 0)) - 13.
-8
Calculate 14 - (10 - (8 + 17)).
29
What is the value of -23 - (8 - (2 - -17))?
-12
What is the value of 8 - (-4 - (-24 + (5 - -5)))?
-2
Calculate (-14 - (-1 + -1 - (-9 - -16))) + 3.
-2
What is the value of (0 - (24 - -3)) + 415 + -409?
-21
What is the value of 30 - (-18 + 44 - 10)?
14
What is -1 + 3 + (0 - ((2 - 2) + 5))?
-3
-8 - (-1 + 18 + -25 - (-1 + -7))
-8
Calculate -14 - -28 - ((-1 - (-4 - -7)) + 5).
13
What is -5 + -3 + 21 + -8?
5
Calculate -79 + 109 - (1 - -27).
2
Calculate 1 - 8 - (922 + -943).
14
Calculate 12 + -6 + (-14 - -6 - -3).
1
-20 - (2 - (9 + -18) - 16)
-15
What is the value of -16 + (-3 + 2 - (-4 + (-7 - -7)))?
-13
What is 12 - (3 + (13 - 9))?
5
(-3 - (0 - 11 - -5)) + -7
-4
What is the value of 16 + -12 + 20 - 18?
6
Calculate -11 - (-9 + 6 + -6 - -2 - -12).
-16
Evaluate -20 - (20 + -7 - 52).
19
Calculate (2 - (-7 - -13)) + -3 + 0 + 14.
7
What is the value of (1 - -1) + (204 - 196)?
10
6 + (-12 - -11 - -2 - (1 + 2))
4
What is the value of -7 + -6 + -5 + 17?
-1
What is 18 + 1 + (-9 - (-1 + -8))?
19
(15 - (-22 - -27)) + (-2 - 6) - 25
-23
Evaluate 21 + 4 + -33 - (-4 - -1).
-5
What is 4 + 46 - (35 + -6)?
21
-47 - (-14 + 4) - -34
-3
Calculate 4 - (6 + (-9 + 10 - (4 - 0))).
1
Calculate -20 + -1 - (-20 + 9 + 11).
-21
Evaluate 11 + 16 + 13 + -52.
-12
What is 2 - 8 - (29 + (-10 - 7))?
-18
Calculate 0 - 2 - ((-14 - -13) + 21 + -3).
-19
Calculate 17 - (59 + (19 - 45)).
-16
(35 - (-31 - -63)) + -40
-37
What is -14 - (-70 + 7) - 25?
24
Calculate (1 + 23 - 44) + 17.
-3
-5 - (8 - (3 + (-4 - -29)))
15
Evaluate 14 - 22 - -8 - (3 - (0 + 3)).
0
What is -4 + (-2 - (-4 + 8 - 9)) + 1?
0
What is (19 - (14 - -17)) + -7 + -9?
-28
Calculate 27 + -11 + -14 + (-2 - -25).
25
Calculate 12 + (0 - -2) - (-2766 - -2782).
-2
What is 2 + -26 + 16 - ((-4 - 0) + 2)?
-6
Evaluate (-16 - (17 + -33)) + 14 + -34.
-20
What is the value of (17 - 44) + 29 + 0 + 8 + 4?
14
Calculate -4 + (-4 + 4 - 2) + -21.
-27
Calculate -44 - (-25 - 7 - -13).
-25
What is -24 - (12 - 32) - -13?
9
Evaluate (12 - (-2 - (1 - 2))) + 259 + -265.
7
Calculate -6 + (-7 + 22 + 8 + -16 - 9).
-8
Calculate -22 + -18 + 16 - -44.
20
Calculate -3 + (-37 + 75 - 41).
-6
-3 - (-9 - -10) - (10 + (9 - -11))
-34
Evaluate (5 - 23) + 20 + 7 + 0.
9
Calculate -6 - (18 - (-6 + (24 - 4))).
-10
What is -45 - 0 - (2 + -6 + 34 + -37)?
-38
5 + -3 + -13 + 11 - 3 - -23
20
What is the value of 15 - -14 - 30 - -15?
14
-5 - -6 - (26 + -20)
-5
What is the value of 37 + (9 - (10 - 8)) + -17?
27
Calculate (14 - 15 - -11) + 0.
10
What is -17 - (-5 - (34 + -11))?
11
Calculate -10 - (176 + -187 - ((2 - 12) + -2)).
-11
Calculate 2 + (0 - (11 + -8)) + 12.
11
What is the value of -1 + -18 + 31 + (-3 - -1 - -4)?
14
Evaluate 7 - 18 - (0 + 4 + 2).
-17
Evaluate 3 - ((8 - 2) + -2 - (13 - -8)).
20
12 - ((2 - 1 - 1) + -2 + 4)
10
Calculate 31 - (22 - (6 - 39)).
-24
Evaluate (-28 - 9) + (-16 + 24 - -7).
-22
Calculate -11 - (8 + -9 + (13 - 4) - 1).
-18
Evaluate -59 - (-4 + 11 - 45).
-21
What is the value of -30 + 1 - (-193 - -179 - (-12 - -2))?
-25
What is the value of 3 + 19 + -8 + 30 + (0 - 11)?
33
6 - -7 - -3 - (-24 + 38)
2
What is 10 + 1 - -10 - 34?
-13
Calculate 2 + 9 + -3 - (-53 + 53).
8
What is 4 + 1 - -3 - -1 - (0 + 3)?
6
What is the value of (23 - (-19 - (-57 - -20))) + (2 - -1)?
8
Calculate -15 + 2 + 3 + 1 + 19 + -2.
8
Evaluate (3 - 3) + (25 - 14) + 14 + 7.
32
What is the value of 6 - (-1 - 22 - (-38 - -23))?
14
What is the value of (-32 - (-6 - 6)) + 0?
-20
Calculate -27 + 36 - (-8 - 0).
17
Evaluate -37 + 30 + 16 + -4 + -19.
-14
What is (26 - (19 - 24)) + -10?
21
What is -6 - (4 + (-1 - (2 - -2)) + 3)?
-8
3 + (25 + -27 - (5 + -5 + 2))
-1
-19 + 2 + 14 - (-2 - 0)
-1
What is -2 + 0 + 11 + -16?
-7
Evaluate (30 + -14 - 18) + 15 + -14.
-1
Evaluate -15 + (22 - (9 + -8)).
6
-10 + (-337 - -347) + (-4 - -1)
-3
Evaluate 5 - (-8 + 9) - 25.
-21
What is 16 + (7 + (-10 - 12) - -15)?
16
What is the value of -1 + -4 + 26 + -23 + 11?
9
What is (27 - (-17 - -16)) + -22?
6
(66 - 23) + 2 - 80
-35
8 - 0 - (-2 + 22 + -28) - 6
10
6 - (-25 + 22 + 5)
4
Evaluate (5 - (2 - (7 + -3 + -1))) + -8.
-2
What is the value of 3 + 20 + 16 + (-11 - 2)?
26
Calculate (-24 - -15) + 6 + 0.
-3
Calculate -4 + 1 + (28 - (21 - -16)).
-12
Calculate (4 + 6 - 5) + (-3 - -3) + -3.
2
-14 + 0 + (119 - 107) - -18
16
What is 15 - (14 - 6) - (8 + 0 + -1)?
0
Evaluate -8 + (6 - 5) - -16.
9
What is the value of 4 + 0 - (49 - 33)?
-12
What is the value of -26 + (20 + -30 - -12)?
-24
What is 17 + 14 + 16 + -32?
15
Calculate (-4 - -6 - (-11 - -5)) + 0.
8
Evaluate -6 - (7 + (-5 - -3 - 0) - 6).
-5
What is the value of 1 + -4 - (-15 + -12 + 38)?
-14
Evaluate 6 - (-5 + 8) - (6 + -4) - 0.
1
What is -10 + (-1 - 5 - -7 - -1)?
-8
What is the value of 0 + 23 + -15 - (12 + -5)?
1
Evaluate (3 - 8 - 6) + 0 + -5 + 4.
-12
Calculate (2 - (-9 - -2)) + (87 - 123).
-27
Evaluate 4 - (-9 + -4 + 17).
0
(53 - -4) + 106 + -138
25
What is the value of 0 - (7 + 8) - -3?
-12
Evaluate (34 - (0 - -19)) + -13.
2
Calculate 8 + (-6 - -2) - 8 - (-2 - 3).
1
What is the value of 15 - (-1 - 6) - 15?
7
-4 + (16 - (12 + -14 + 10))
4
Calculate 11 - (3 + 11 + (3 - 5)).
-1
Calculate (21 - (8 + -7 - -6)) + -9.
5
What is -13 + -8 + 9 + 3 + 7?
-2
What is 36 + -15 + (-19 - -5)?
7
-52 - ((0 - 0) + (-577 - -561))
-36
What is the value of 4 + -8 - (-15 - 2 - (2 - 5))?
10
12 + -10 - (3 + -1 + -3 + -5)
8
What is the value of 2 + -4 + -8 + 3 - (4 - 22)?
11
Evaluate -3 - (19 + 7 + (-12 - 14)).
-3
-8 + -1 + (4 - 2) - (4 - 11)
0
What is 38 + -6 + -13 - 22?
-3
-11 + -2 + 8 - (-3 - -7)
-9
Calculate -5 + (26 - 1) + -11.
9
Evaluate 0 + 18 + (41 - 56).
3
What is the value of (-45 - (-11 + -15)) + 25?
6
(4 - 12) + (3 - 6) + -31 + 27
-15
Evaluate 2 + -23 + 18 + (-40 - -24).
-19
What is (6 - (-4 - -12 - 7)) + -11 + 4?
-2
18 + -23 + 2 - (-22 - 1)
20
What is the value of (8 - (-7 + 37)) + 31?
9
16 + -1 + -3 - (-1 - 13)
26
30 - (-6 + 20) - (4 - 4)
16
What is 0 - (2 + -1 + (-1 - 2) + 0)?
2
-6 - 3 - -22 - 10
3
Evaluate 10 + 5 + -3 + 1.
13
What is the value of 13 - 4 - 0 - (0 - 12)?
21
Evaluate -1 + 27 + -37 - (7 + -2).
-16
Calculate -14 + (4 - 13 - -20) + (0 - 9).
-12
(2 - 1) + (-7 - ((9 - 5) + -6))
-4
Evaluate 0 + 17 - (0 - 0 - (62 + -62)).
17
What is the value of 826 - 867 - (-24 - 2)?
-15
Calculate 2 + (18 + -20 - (-4 - -2)).
2
What is the value of (17 - (-8 - -18)) + 2 - 10?
-1
What is the value of (81 - 68) + (-10 - 0 - (2 - 2))?
3
What is the value of -5 - (-3 + 5 + 0 - (7 - -1))?
1
Calculate -24 + -31 + 59 + -2 + -2 + 11.
11
What is -5 + -1 + (84 - 71) - 4?
3
Evaluate 2 - (21 - -1 - -2 - (45 + -37)).
-14
What is the value of 62 + -38 + -18 - (-2 + -2 - -1)?
9
What is the value of -10 + (25 - 8) + -3?
4
Evaluate 55 - 48 - (0 - (-2 + -18)).
-13
Calculate 5 - (16 + (-2 - 4) - 4).
-1
Evaluate 8 + -35 + (26 - 2).
-3
-42 + 62 + (-19 - 10)
-9
What is the value of -9 + (-28 - -42) + 1 + 1?
7
What is 6 + -4 + 61 + -63?
0
(9 - 2) + -2 + -7
-2
Calculate (-28 - -39) + (1 - 1 - (-3 - -2)).
12
Calculate 